{"id":1816,"date":"2021-05-28T02:22:00","date_gmt":"2021-05-28T02:22:00","guid":{"rendered":"https:\/\/q-sina.com\/?page_id=1816"},"modified":"2021-08-03T22:57:49","modified_gmt":"2021-08-03T22:57:49","slug":"menu-infantil","status":"publish","type":"page","link":"https:\/\/q-sina.com\/index.php\/menu\/menu-infantil\/","title":{"rendered":"Men\u00fa infantil"},"content":{"rendered":"\t\t<div data-elementor-type=\"wp-page\" data-elementor-id=\"1816\" class=\"elementor elementor-1816\" data-elementor-settings=\"[]\">\n\t\t\t\t\t\t<div class=\"elementor-inner\">\n\t\t\t\t\t\t\t<div class=\"elementor-section-wrap\">\n\t\t\t\t\t\t\t<section class=\"elementor-section elementor-top-section elementor-element elementor-element-7fda5e89 elementor-section-content-middle elementor-section-boxed elementor-section-height-default elementor-section-height-default\" data-id=\"7fda5e89\" data-element_type=\"section\" data-settings=\"{&quot;background_background&quot;:&quot;classic&quot;}\">\n\t\t\t\t\t\t<div class=\"elementor-container elementor-column-gap-no\">\n\t\t\t\t\t\t\t<div class=\"elementor-row\">\n\t\t\t\t\t<div class=\"elementor-column elementor-col-50 elementor-top-column elementor-element elementor-element-3592edd2\" data-id=\"3592edd2\" data-element_type=\"column\">\n\t\t\t<div class=\"elementor-column-wrap elementor-element-populated\">\n\t\t\t\t\t\t\t<div class=\"elementor-widget-wrap\">\n\t\t\t\t\t\t<div class=\"elementor-element elementor-element-512e50b0 elementor-widget elementor-widget-image\" data-id=\"512e50b0\" data-element_type=\"widget\" data-widget_type=\"image.default\">\n\t\t\t\t<div class=\"elementor-widget-container\">\n\t\t\t\t\t<div class=\"elementor-image\">\n\t\t\t\t\t\t\t\t\t\t<img loading=\"lazy\" decoding=\"async\" width=\"640\" height=\"391\" src=\"https:\/\/q-sina.com\/wp-content\/uploads\/2021\/05\/Screenshot_2020-05-15-iStock-1132278686-1024x683-jpg-Imagen-JPEG-1024-\u00d7-683-pixeles-Escalado-93-640x391-1.png\" class=\"attachment-full size-full\" alt=\"\" srcset=\"https:\/\/q-sina.com\/wp-content\/uploads\/2021\/05\/Screenshot_2020-05-15-iStock-1132278686-1024x683-jpg-Imagen-JPEG-1024-\u00d7-683-pixeles-Escalado-93-640x391-1.png 640w, https:\/\/q-sina.com\/wp-content\/uploads\/2021\/05\/Screenshot_2020-05-15-iStock-1132278686-1024x683-jpg-Imagen-JPEG-1024-\u00d7-683-pixeles-Escalado-93-640x391-1-300x183.png 300w\" sizes=\"auto, (max-width: 640px) 100vw, 640px\" \/>\t\t\t\t\t\t\t\t\t\t\t<\/div>\n\t\t\t\t<\/div>\n\t\t\t\t<\/div>\n\t\t\t\t\t\t<\/div>\n\t\t\t\t\t<\/div>\n\t\t<\/div>\n\t\t\t\t<div class=\"elementor-column elementor-col-50 elementor-top-column elementor-element elementor-element-7d829345\" data-id=\"7d829345\" data-element_type=\"column\">\n\t\t\t<div class=\"elementor-column-wrap elementor-element-populated\">\n\t\t\t\t\t\t\t<div class=\"elementor-widget-wrap\">\n\t\t\t\t\t\t<div class=\"elementor-element elementor-element-6e9352ba elementor-widget elementor-widget-heading\" data-id=\"6e9352ba\" data-element_type=\"widget\" data-widget_type=\"heading.default\">\n\t\t\t\t<div class=\"elementor-widget-container\">\n\t\t\t<h4 class=\"elementor-heading-title elementor-size-default\">Men\u00fa infantil<\/h4>\t\t<\/div>\n\t\t\t\t<\/div>\n\t\t\t\t<div class=\"elementor-element elementor-element-384b05ac elementor-widget elementor-widget-text-editor\" data-id=\"384b05ac\" data-element_type=\"widget\" data-widget_type=\"text-editor.default\">\n\t\t\t\t<div class=\"elementor-widget-container\">\n\t\t\t\t\t<div class=\"elementor-text-editor elementor-clearfix\"><p>Sabemos lo quisquillosos que pueden ser los ni\u00f1os, por lo que preparamos un men\u00fa especial para los consentidos de casa. En Qsina, toda la familia disfruta y comparte \u2661<\/p><\/div>\n\t\t\t\t<\/div>\n\t\t\t\t<\/div>\n\t\t\t\t\t\t<\/div>\n\t\t\t\t\t<\/div>\n\t\t<\/div>\n\t\t\t\t\t\t\t\t<\/div>\n\t\t\t\t\t<\/div>\n\t\t<\/section>\n\t\t\t\t<section class=\"elementor-section elementor-top-section elementor-element elementor-element-15a1b822 elementor-section-content-middle elementor-section-boxed elementor-section-height-default elementor-section-height-default\" data-id=\"15a1b822\" data-element_type=\"section\">\n\t\t\t\t\t\t<div class=\"elementor-container elementor-column-gap-no\">\n\t\t\t\t\t\t\t<div class=\"elementor-row\">\n\t\t\t\t\t<div class=\"elementor-column elementor-col-100 elementor-top-column elementor-element elementor-element-6b264c8d\" data-id=\"6b264c8d\" data-element_type=\"column\">\n\t\t\t<div class=\"elementor-column-wrap elementor-element-populated\">\n\t\t\t\t\t\t\t<div class=\"elementor-widget-wrap\">\n\t\t\t\t\t\t<div class=\"elementor-element elementor-element-3ea7eba8 elementor-widget elementor-widget-heading\" data-id=\"3ea7eba8\" data-element_type=\"widget\" data-widget_type=\"heading.default\">\n\t\t\t\t<div class=\"elementor-widget-container\">\n\t\t\t<h5 class=\"elementor-heading-title elementor-size-default\">Tambi\u00e9n en takeout y env\u00edos a domicilio<\/h5>\t\t<\/div>\n\t\t\t\t<\/div>\n\t\t\t\t<div class=\"elementor-element elementor-element-7e288a6f gallery-spacing-custom elementor-widget elementor-widget-image-gallery\" data-id=\"7e288a6f\" data-element_type=\"widget\" data-widget_type=\"image-gallery.default\">\n\t\t\t\t<div class=\"elementor-widget-container\">\n\t\t\t\t\t<div class=\"elementor-image-gallery\">\n\t\t\t<div id='gallery-1' class='gallery galleryid-1816 gallery-columns-3 gallery-size-medium'><figure class='gallery-item'>\n\t\t\t<div class='gallery-icon landscape'>\n\t\t\t\t<a data-elementor-open-lightbox=\"yes\" data-elementor-lightbox-slideshow=\"7e288a6f\" data-elementor-lightbox-title=\"Men\u00fa infantil\" href='https:\/\/q-sina.com\/wp-content\/uploads\/2021\/05\/MENU_ninos.png'><img loading=\"lazy\" decoding=\"async\" width=\"300\" height=\"300\" src=\"https:\/\/q-sina.com\/wp-content\/uploads\/2021\/05\/MENU_ninos-300x300.png\" class=\"attachment-medium size-medium\" alt=\"\" aria-describedby=\"gallery-1-1819\" srcset=\"https:\/\/q-sina.com\/wp-content\/uploads\/2021\/05\/MENU_ninos-300x300.png 300w, https:\/\/q-sina.com\/wp-content\/uploads\/2021\/05\/MENU_ninos-1024x1024.png 1024w, https:\/\/q-sina.com\/wp-content\/uploads\/2021\/05\/MENU_ninos-150x150.png 150w, https:\/\/q-sina.com\/wp-content\/uploads\/2021\/05\/MENU_ninos-768x768.png 768w, https:\/\/q-sina.com\/wp-content\/uploads\/2021\/05\/MENU_ninos.png 1182w\" sizes=\"auto, (max-width: 300px) 100vw, 300px\" \/><\/a>\n\t\t\t<\/div>\n\t\t\t\t<figcaption class='wp-caption-text gallery-caption' id='gallery-1-1819'>\n\t\t\t\tMen\u00fa infantil\n\t\t\t\t<\/figcaption><\/figure><figure class='gallery-item'>\n\t\t\t<div class='gallery-icon landscape'>\n\t\t\t\t<a data-elementor-open-lightbox=\"yes\" data-elementor-lightbox-slideshow=\"7e288a6f\" data-elementor-lightbox-title=\"Pan brioche, carne 100% sirloin y queso manchego\" href='https:\/\/q-sina.com\/wp-content\/uploads\/2021\/05\/Hamburguesa-Qsina_platillos-.png'><img loading=\"lazy\" decoding=\"async\" width=\"300\" height=\"300\" src=\"https:\/\/q-sina.com\/wp-content\/uploads\/2021\/05\/Hamburguesa-Qsina_platillos--300x300.png\" class=\"attachment-medium size-medium\" alt=\"\" aria-describedby=\"gallery-1-1861\" srcset=\"https:\/\/q-sina.com\/wp-content\/uploads\/2021\/05\/Hamburguesa-Qsina_platillos--300x300.png 300w, https:\/\/q-sina.com\/wp-content\/uploads\/2021\/05\/Hamburguesa-Qsina_platillos--1024x1024.png 1024w, https:\/\/q-sina.com\/wp-content\/uploads\/2021\/05\/Hamburguesa-Qsina_platillos--150x150.png 150w, https:\/\/q-sina.com\/wp-content\/uploads\/2021\/05\/Hamburguesa-Qsina_platillos--768x768.png 768w, https:\/\/q-sina.com\/wp-content\/uploads\/2021\/05\/Hamburguesa-Qsina_platillos-.png 1182w\" sizes=\"auto, (max-width: 300px) 100vw, 300px\" \/><\/a>\n\t\t\t<\/div>\n\t\t\t\t<figcaption class='wp-caption-text gallery-caption' id='gallery-1-1861'>\n\t\t\t\tPan brioche, carne 100% sirloin y queso manchego\n\n\t\t\t\t<\/figcaption><\/figure><figure class='gallery-item'>\n\t\t\t<div class='gallery-icon landscape'>\n\t\t\t\t<a data-elementor-open-lightbox=\"yes\" data-elementor-lightbox-slideshow=\"7e288a6f\" data-elementor-lightbox-title=\"Pasta cocinada al dente, con una salsa cremosa de mantequilla, queso parmesano y crema de leche\" href='https:\/\/q-sina.com\/wp-content\/uploads\/2021\/05\/Spaghetti-Alfredo_platillos-.png'><img loading=\"lazy\" decoding=\"async\" width=\"300\" height=\"300\" src=\"https:\/\/q-sina.com\/wp-content\/uploads\/2021\/05\/Spaghetti-Alfredo_platillos--300x300.png\" class=\"attachment-medium size-medium\" alt=\"\" aria-describedby=\"gallery-1-1860\" srcset=\"https:\/\/q-sina.com\/wp-content\/uploads\/2021\/05\/Spaghetti-Alfredo_platillos--300x300.png 300w, https:\/\/q-sina.com\/wp-content\/uploads\/2021\/05\/Spaghetti-Alfredo_platillos--1024x1024.png 1024w, https:\/\/q-sina.com\/wp-content\/uploads\/2021\/05\/Spaghetti-Alfredo_platillos--150x150.png 150w, https:\/\/q-sina.com\/wp-content\/uploads\/2021\/05\/Spaghetti-Alfredo_platillos--768x768.png 768w, https:\/\/q-sina.com\/wp-content\/uploads\/2021\/05\/Spaghetti-Alfredo_platillos-.png 1182w\" sizes=\"auto, (max-width: 300px) 100vw, 300px\" \/><\/a>\n\t\t\t<\/div>\n\t\t\t\t<figcaption class='wp-caption-text gallery-caption' id='gallery-1-1860'>\n\t\t\t\tPasta cocinada al dente, con una salsa cremosa de mantequilla, queso parmesano y crema de leche\n\n\t\t\t\t<\/figcaption><\/figure><figure class='gallery-item'>\n\t\t\t<div class='gallery-icon landscape'>\n\t\t\t\t<a data-elementor-open-lightbox=\"yes\" data-elementor-lightbox-slideshow=\"7e288a6f\" data-elementor-lightbox-title=\"Pechuga de pollo rellena de jam\u00f3n de pavo y queso gouda\" href='https:\/\/q-sina.com\/wp-content\/uploads\/2021\/05\/Pechuga-cordon-blue_platillos-.png'><img loading=\"lazy\" decoding=\"async\" width=\"300\" height=\"300\" src=\"https:\/\/q-sina.com\/wp-content\/uploads\/2021\/05\/Pechuga-cordon-blue_platillos--300x300.png\" class=\"attachment-medium size-medium\" alt=\"\" aria-describedby=\"gallery-1-1869\" srcset=\"https:\/\/q-sina.com\/wp-content\/uploads\/2021\/05\/Pechuga-cordon-blue_platillos--300x300.png 300w, https:\/\/q-sina.com\/wp-content\/uploads\/2021\/05\/Pechuga-cordon-blue_platillos--1024x1024.png 1024w, https:\/\/q-sina.com\/wp-content\/uploads\/2021\/05\/Pechuga-cordon-blue_platillos--150x150.png 150w, https:\/\/q-sina.com\/wp-content\/uploads\/2021\/05\/Pechuga-cordon-blue_platillos--768x768.png 768w, https:\/\/q-sina.com\/wp-content\/uploads\/2021\/05\/Pechuga-cordon-blue_platillos-.png 1182w\" sizes=\"auto, (max-width: 300px) 100vw, 300px\" \/><\/a>\n\t\t\t<\/div>\n\t\t\t\t<figcaption class='wp-caption-text gallery-caption' id='gallery-1-1869'>\n\t\t\t\tPechuga de pollo rellena de jam\u00f3n de pavo y queso gouda\n\n\t\t\t\t<\/figcaption><\/figure><figure class='gallery-item'>\n\t\t\t<div class='gallery-icon landscape'>\n\t\t\t\t<a data-elementor-open-lightbox=\"yes\" data-elementor-lightbox-slideshow=\"7e288a6f\" data-elementor-lightbox-title=\"Filete de pescado blanco empanizado con panko, acompa\u00f1ado de nuestro dip de mostaza y papas fritas\" href='https:\/\/q-sina.com\/wp-content\/uploads\/2021\/05\/Fish-and-chips_platillos-.png'><img loading=\"lazy\" decoding=\"async\" width=\"300\" height=\"300\" src=\"https:\/\/q-sina.com\/wp-content\/uploads\/2021\/05\/Fish-and-chips_platillos--300x300.png\" class=\"attachment-medium size-medium\" alt=\"\" aria-describedby=\"gallery-1-1853\" srcset=\"https:\/\/q-sina.com\/wp-content\/uploads\/2021\/05\/Fish-and-chips_platillos--300x300.png 300w, https:\/\/q-sina.com\/wp-content\/uploads\/2021\/05\/Fish-and-chips_platillos--1024x1024.png 1024w, https:\/\/q-sina.com\/wp-content\/uploads\/2021\/05\/Fish-and-chips_platillos--150x150.png 150w, https:\/\/q-sina.com\/wp-content\/uploads\/2021\/05\/Fish-and-chips_platillos--768x768.png 768w, https:\/\/q-sina.com\/wp-content\/uploads\/2021\/05\/Fish-and-chips_platillos-.png 1182w\" sizes=\"auto, (max-width: 300px) 100vw, 300px\" \/><\/a>\n\t\t\t<\/div>\n\t\t\t\t<figcaption class='wp-caption-text gallery-caption' id='gallery-1-1853'>\n\t\t\t\tFilete de pescado blanco empanizado con panko, acompa\u00f1ado de nuestro dip de mostaza y papas fritas\n\n\t\t\t\t<\/figcaption><\/figure>\n\t\t<\/div>\n\t\t<\/div>\n\t\t\t\t<\/div>\n\t\t\t\t<\/div>\n\t\t\t\t\t\t<\/div>\n\t\t\t\t\t<\/div>\n\t\t<\/div>\n\t\t\t\t\t\t\t\t<\/div>\n\t\t\t\t\t<\/div>\n\t\t<\/section>\n\t\t\t\t<section class=\"elementor-section elementor-top-section elementor-element elementor-element-23cf5cb elementor-section-boxed elementor-section-height-default elementor-section-height-default\" data-id=\"23cf5cb\" data-element_type=\"section\">\n\t\t\t\t\t\t<div class=\"elementor-container elementor-column-gap-default\">\n\t\t\t\t\t\t\t<div class=\"elementor-row\">\n\t\t\t\t\t<div class=\"elementor-column elementor-col-100 elementor-top-column elementor-element elementor-element-a1932f8\" data-id=\"a1932f8\" data-element_type=\"column\">\n\t\t\t<div class=\"elementor-column-wrap elementor-element-populated\">\n\t\t\t\t\t\t\t<div class=\"elementor-widget-wrap\">\n\t\t\t\t\t\t<div class=\"elementor-element elementor-element-fc22d2f elementor-align-center elementor-widget elementor-widget-button\" data-id=\"fc22d2f\" data-element_type=\"widget\" data-widget_type=\"button.default\">\n\t\t\t\t<div class=\"elementor-widget-container\">\n\t\t\t\t\t<div class=\"elementor-button-wrapper\">\n\t\t\t<a href=\"https:\/\/q-sina.com\/index.php\/menu\/postres\/\" class=\"elementor-button-link elementor-button elementor-size-xl\" role=\"button\">\n\t\t\t\t\t\t<span class=\"elementor-button-content-wrapper\">\n\t\t\t\t\t\t<span class=\"elementor-button-text\">POSTRES<\/span>\n\t\t<\/span>\n\t\t\t\t\t<\/a>\n\t\t<\/div>\n\t\t\t\t<\/div>\n\t\t\t\t<\/div>\n\t\t\t\t<div class=\"elementor-element elementor-element-9508aa2 elementor-align-center elementor-widget elementor-widget-button\" data-id=\"9508aa2\" data-element_type=\"widget\" data-widget_type=\"button.default\">\n\t\t\t\t<div class=\"elementor-widget-container\">\n\t\t\t\t\t<div class=\"elementor-button-wrapper\">\n\t\t\t<a href=\"https:\/\/q-sina.com\/index.php\/menu\/\" class=\"elementor-button-link elementor-button elementor-size-lg\" role=\"button\">\n\t\t\t\t\t\t<span class=\"elementor-button-content-wrapper\">\n\t\t\t\t\t\t<span class=\"elementor-button-text\">MEN\u00da<\/span>\n\t\t<\/span>\n\t\t\t\t\t<\/a>\n\t\t<\/div>\n\t\t\t\t<\/div>\n\t\t\t\t<\/div>\n\t\t\t\t\t\t<\/div>\n\t\t\t\t\t<\/div>\n\t\t<\/div>\n\t\t\t\t\t\t\t\t<\/div>\n\t\t\t\t\t<\/div>\n\t\t<\/section>\n\t\t\t\t\t\t<\/div>\n\t\t\t\t\t\t<\/div>\n\t\t\t\t\t<\/div>\n\t\t","protected":false},"excerpt":{"rendered":"<p>Men\u00fa infantil Sabemos lo quisquillosos que pueden ser los ni\u00f1os, por lo que preparamos un men\u00fa especial para los consentidos de casa. En Qsina, toda la familia disfruta y comparte \u2661 Tambi\u00e9n en takeout y env\u00edos a domicilio Men\u00fa infantil Pan brioche, carne 100% sirloin y queso manchego Pasta cocinada al dente, con una salsa &hellip;<\/p>\n<p class=\"read-more\"> <a class=\"\" href=\"https:\/\/q-sina.com\/index.php\/menu\/menu-infantil\/\"> <span class=\"screen-reader-text\">Men\u00fa infantil<\/span> Leer m\u00e1s &raquo;<\/a><\/p>\n","protected":false},"author":1,"featured_media":0,"parent":70,"menu_order":2,"comment_status":"closed","ping_status":"closed","template":"","meta":{"footnotes":""},"class_list":["post-1816","page","type-page","status-publish","hentry"],"_links":{"self":[{"href":"https:\/\/q-sina.com\/index.php\/wp-json\/wp\/v2\/pages\/1816","targetHints":{"allow":["GET"]}}],"collection":[{"href":"https:\/\/q-sina.com\/index.php\/wp-json\/wp\/v2\/pages"}],"about":[{"href":"https:\/\/q-sina.com\/index.php\/wp-json\/wp\/v2\/types\/page"}],"author":[{"embeddable":true,"href":"https:\/\/q-sina.com\/index.php\/wp-json\/wp\/v2\/users\/1"}],"replies":[{"embeddable":true,"href":"https:\/\/q-sina.com\/index.php\/wp-json\/wp\/v2\/comments?post=1816"}],"version-history":[{"count":26,"href":"https:\/\/q-sina.com\/index.php\/wp-json\/wp\/v2\/pages\/1816\/revisions"}],"predecessor-version":[{"id":2112,"href":"https:\/\/q-sina.com\/index.php\/wp-json\/wp\/v2\/pages\/1816\/revisions\/2112"}],"up":[{"embeddable":true,"href":"https:\/\/q-sina.com\/index.php\/wp-json\/wp\/v2\/pages\/70"}],"wp:attachment":[{"href":"https:\/\/q-sina.com\/index.php\/wp-json\/wp\/v2\/media?parent=1816"}],"curies":[{"name":"wp","href":"https:\/\/api.w.org\/{rel}","templated":true}]}}